{"id":465,"date":"2022-10-28T08:27:35","date_gmt":"2022-10-28T06:27:35","guid":{"rendered":"https:\/\/black-wolves-karate.de\/?page_id=465"},"modified":"2022-10-28T08:31:26","modified_gmt":"2022-10-28T06:31:26","slug":"datenschutzerklaerung","status":"publish","type":"page","link":"http:\/\/black-wolves-karate.de\/index.php\/datenschutzerklaerung\/","title":{"rendered":"Datenschutzerkl\u00e4rung"},"content":{"rendered":"\n<div style=\"height:100px\" aria-hidden=\"true\" class=\"wp-block-spacer\"><\/div>\n\n\n\n<h1 class=\"wp-block-heading\">Datenschutzerkl\u00e4rung<\/h1>\n\n\n\n<p>Personenbezogene Daten wie Name, Adresse, Telefonnummer oder E-Mail, die wir bei unseren Web-Aktivit\u00e4ten in allen L\u00e4ndern, in denen wir Websites unterhalten, erheben und verwalten, geschehen in \u00dcbereinstimmung mit den nationalen Gesetzen zum Datenschutz und zur Datensicherheit. Sie bestimmen dar\u00fcber, ob Sie uns, etwa im Rahmen einer Anfrage o.\u00e4., personenbezogene Daten bekannt geben wollen oder nicht.<\/p>\n\n\n\n<p><br>Im Allgemeinen werden Ihre Daten nur per E-Mail an die vorgesehene E-Mail-Adresse gesendet und nicht gespeichert. Ihre personenbezogenen Daten verwenden wir nur, um Ihre Anfrage zu beantworten, Ihren Auftrag zu bearbeiten oder Ihnen spezielle Informationen oder Angebote zu verschaffen. Zur Pflege der Kundenbeziehungen kann es weiterhin n\u00f6tig sein:<br>&#8211; dass wir Ihre personenbezogenen Daten speichern, verarbeiten<\/p>\n\n\n\n<p>&#8211; dass wir (oder ein Dritter in unserem Auftrag) diese Daten verwenden, um Sie \u00fcber unsere Angebote zu informieren.<\/p>\n\n\n\n<p><br>Das \u00c4ndern, L\u00f6schen oder Sperren von gespeicherten Daten kann jederzeit per E-Mail beantragt werden. Nutzerprofile mit oder ohne Personenbezug werden nicht erstellt. Selbstverst\u00e4ndlich respektieren wir es, wenn Sie uns Ihre personenbezogenen Daten nicht zur Unterst\u00fctzung unserer Kundenbeziehung \u00fcberlassen wollen. Wir werden Ihre personenbezogenen Daten weder an Dritte verkaufen noch anderweitig vermarkten. Wenn Sie auf unsere Websites zugreifen, werden zum Zwecke unserer Web-Statistik automatisch Informationen gesammelt, die nicht einer bestimmten Person zugeordnet sind (z.B. IP-Adresse, Internet-Browser und Betriebssystem; Domain-Name der Website, von der Sie kamen; Anzahl der Besuche, durchschnittliche Verweilzeit, aufgerufene Seiten). Eine Auswertung der Daten erfolgt nur in anonymisierter Form. Es werden auch keine Cookies oder aktiven Inhalte verwendet. Wir verwenden diese Informationen, um die Attraktivit\u00e4t unserer Websites zu ermitteln und deren Inhalt zu verbessern. Es werden Vorkehrungen getroffen, um die Sicherheit Ihrer personenbezogenen Daten zu gew\u00e4hrleisten.<br>Ihre Daten werden gewissenhaft vor Verlust, Zerst\u00f6rung, Verf\u00e4lschung, Manipulation und unberechtigtem Zugriff oder unberechtigter Offenlegung gesch\u00fctzt. Unsere Websites enthalten Links zu anderen Websites. Wir sind f\u00fcr die Datenschutzstrategien oder den Inhalt dieser anderen Websites nicht verantwortlich.<\/p>\n","protected":false},"excerpt":{"rendered":"<p>Datenschutzerkl\u00e4rung Personenbezogene Daten wie Name, Adresse, Telefonnummer oder E-Mail, die wir bei unseren Web-Aktivit\u00e4ten in allen L\u00e4ndern, in denen wir Websites unterhalten, erheben und verwalten, geschehen in \u00dcbereinstimmung mit den nationalen Gesetzen zum Datenschutz und zur Datensicherheit. Sie bestimmen dar\u00fcber, ob Sie uns, etwa im Rahmen einer Anfrage o.\u00e4., personenbezogene Daten bekannt geben wollen oder [&hellip;]<\/p>\n","protected":false},"author":3,"featured_media":0,"parent":0,"menu_order":0,"comment_status":"closed","ping_status":"closed","template":"","meta":{"footnotes":""},"class_list":["post-465","page","type-page","status-publish","hentry","post"],"_links":{"self":[{"href":"http:\/\/black-wolves-karate.de\/index.php\/wp-json\/wp\/v2\/pages\/465","targetHints":{"allow":["GET"]}}],"collection":[{"href":"http:\/\/black-wolves-karate.de\/index.php\/wp-json\/wp\/v2\/pages"}],"about":[{"href":"http:\/\/black-wolves-karate.de\/index.php\/wp-json\/wp\/v2\/types\/page"}],"author":[{"embeddable":true,"href":"http:\/\/black-wolves-karate.de\/index.php\/wp-json\/wp\/v2\/users\/3"}],"replies":[{"embeddable":true,"href":"http:\/\/black-wolves-karate.de\/index.php\/wp-json\/wp\/v2\/comments?post=465"}],"version-history":[{"count":3,"href":"http:\/\/black-wolves-karate.de\/index.php\/wp-json\/wp\/v2\/pages\/465\/revisions"}],"predecessor-version":[{"id":471,"href":"http:\/\/black-wolves-karate.de\/index.php\/wp-json\/wp\/v2\/pages\/465\/revisions\/471"}],"wp:attachment":[{"href":"http:\/\/black-wolves-karate.de\/index.php\/wp-json\/wp\/v2\/media?parent=465"}],"curies":[{"name":"wp","href":"https:\/\/api.w.org\/{rel}","templated":true}]}}